{"id":168,"date":"2020-04-02T21:35:37","date_gmt":"2020-04-02T21:35:37","guid":{"rendered":"http:\/\/aorac.es\/?page_id=168"},"modified":"2020-04-02T22:05:57","modified_gmt":"2020-04-02T22:05:57","slug":"tabla-de-cruzamientos-de-factores-ligados-al-sexo-y-autosomicos-recesivos","status":"publish","type":"page","link":"https:\/\/aorac.es\/index.php\/tabla-de-cruzamientos-de-factores-ligados-al-sexo-y-autosomicos-recesivos\/","title":{"rendered":"Tabla de cruzamientos general"},"content":{"rendered":"\n<p><strong>Aclaracion:<\/strong> \u00abNormales\u00bb son las mutaciones base. \u00abPuros\u00bb son las mutaciones adjuntas o en homocigosis en su caso.<\/p>\n\n\n\n<p>FACTORES LIGADOS AL SEXO<\/p>\n\n\n\n<p>Estos son aquellos que se encuentran en los cromosomas sexuales, En estos casos, la hembra es lo que manifiesta fenotipicamente, y no es portadora. El macho es el \u00fanico que puede ser portador. Son:<\/p>\n\n\n\n<ul class=\"wp-block-list\"><li>Todos los mel\u00e1nicos cl\u00e1sicos<\/li><li>Lipocromo Marfil &#8211; Variedades pastel, ala gris-satine<\/li><li>Ino Proveniente de Satine<\/li><\/ul>\n\n\n\n<p>Cruzamientos<\/p>\n\n\n\n<p>Nota: No se indica las proporciones para simplificar ya que son v\u00e1lidas en n\u00fameros estad\u00edsticos.<\/p>\n\n\n\n<figure class=\"wp-block-table\"><table><tbody><tr><th>Macho<\/th><th>Hembra<\/th><th>Hijo<\/th><th>Hija<\/th><\/tr><tr><td>Puro<\/td><td>Pura<\/td><td>Puros<\/td><td>Puras<\/td><\/tr><tr><td>Puro<\/td><td>Normal<\/td><td>Portadores<\/td><td>Puras<\/td><\/tr><tr><td>Portador<\/td><td>Normal<\/td><td>Portadores y normales<\/td><td>Puras y Normales<\/td><\/tr><tr><td>Portador<\/td><td>Pura<\/td><td>Portadores y puros<\/td><td>Puras y Normales<\/td><\/tr><tr><td>Normal<\/td><td>Pura<\/td><td>Portadores<\/td><td>Normales<\/td><\/tr><tr><td>Normal<\/td><td>Normal<\/td><td>Normales<\/td><td>Normales<\/td><\/tr><\/tbody><\/table><\/figure>\n\n\n\n<p>Como puede observarse, haciendo los cruzamientos adecuados se puede saber la descendencia desde el nido, o sea que por su color se puede saber si un pich\u00f3n es macho o hembra, e incluso planificar lo que obtendremos con exactitud. Los cruzamientos recomendables a efectos de conocer adecuadamente la descendencia son los n\u00fameros 1-2-4-5 y desde luego el 6. Con el cruzamiento 3 obtendremos machos que no sabremos si son normales o portadores, teniendo luego sorpresas en nuestro criadero al cruzar estos canarios, ya que podr\u00e1n dar descendencia no buscada.<\/p>\n\n\n\n<p>FACTORES RECESIVOS NO LIGADOS AL SEXO<\/p>\n\n\n\n<p>Estos son:<\/p>\n\n\n\n<ul class=\"wp-block-list\"><li>Blanco recesivo<\/li><li>\u00d3palo<\/li><li>Topacio<\/li><li>Eumo<\/li><li>Ino (proveniente de Feo Ino<\/li><li>Feo Ino<\/li><li>Onix<\/li><li>Cobalto<\/li><\/ul>\n\n\n\n<p>En todos ellos, pueden portar el car\u00e1cter recesivo tanto los machos como las hembras, siendo necesario que ambos lo tengan, para producir un ejemplar de este tipo.<\/p>\n\n\n\n<p>Cruzamientos<\/p>\n\n\n\n<figure class=\"wp-block-table\"><table><tbody><tr><th>Macho<\/th><th>Hembra<\/th><th>Hijos<\/th><th>Hijas<\/th><\/tr><tr><td>Puro<\/td><td>Pura<\/td><td>Puros<\/td><td>Puras<\/td><\/tr><tr><td>Puro<\/td><td>Portadora<\/td><td>Puros y portadores<\/td><td>Puros y portadoras<\/td><\/tr><tr><td>Puro<\/td><td>Normal<\/td><td>Portadores<\/td><td>Portadoras<\/td><\/tr><tr><td>Portador<\/td><td>Pura<\/td><td>Puros y portadores<\/td><td>Puras y portadoras<\/td><\/tr><tr><td>Normal<\/td><td>Pura<\/td><td>Portadores<\/td><td>Portadoras<\/td><\/tr><tr><td>Portador<\/td><td>Portadora<\/td><td>M y H puros<\/td><td>Portadores y normales<\/td><\/tr><tr><td>Portador<\/td><td>Normal<\/td><td>normales y portadoras<\/td><td>normales y portadoras<\/td><\/tr><tr><td>Normal<\/td><td>Portador<\/td><td>normales y portadores<\/td><td>normales y portadores<\/td><\/tr><\/tbody><\/table><\/figure>\n\n\n\n<p>En el caso de los recesivos, cualquier cruzamiento es valido desde el punto de vista del control de la descendencia, menos el de portador x portador, y el de portador x normal, o su inverso, por lo mismo indicado para el Nro. 3 en los factores ligados al sexo.<br><br>En cuanto a la conveniencia de usar cruzamientos entre puros o trabajar a trav\u00e9s de portadores con puros, eso queda a criterio de cada uno, de acuerdo a los resultados que vaya obteniendo en sus productos. En general se recomienda el uso de portadores en algunas mutaciones como el opal, a efectos de mejorar la pluma y no perder caracter\u00edsticas de dise\u00f1o, esto tambi\u00e9n es valido para los factores ligados al sexo.<br><br>Hay grandes criadores nacionales y extranjeros que sostienen una y otra teor\u00eda, en mi opini\u00f3n lo que es importante es contar con buenos reproductores, no tanto en su fenotipo sino en su descendencia comprobada, y a partir de all\u00ed experimentar los cruces m\u00e1s convenientes para nuestro plantel, y de acuerdo a las necesidades que tengamos (mas dise\u00f1o, mejor oxidaci\u00f3n, tipo de pluma, mascara en los mosaico, etc.). O sea hacer nuestras parejas seg\u00fan los objetivos que tengamos para mejorar su calidad. Vale una aclaraci\u00f3n respecto de los Inos, o sea canarios lipocromos de ojos rojos, albinos, lutinos y rubinos) , pueden tener su origen en los satine ( en cuyo caso su comportamiento ser\u00e1 ligado al sexo como estos) o en los feo -inos, en cuyo caso ser\u00e1n recesivos. Esto ha generado muchos debates entre aficionados, ya que en cada criadero pueden darse situaciones diversas, o incluso ambas.<\/p>\n\n\n\n<p>Norberto Irazoqui<\/p>\n","protected":false},"excerpt":{"rendered":"<p>Aclaracion: \u00abNormales\u00bb son las mutaciones base. \u00abPuros\u00bb son las mutaciones adjuntas o en homocigosis en su caso. FACTORES LIGADOS AL SEXO Estos son aquellos que se encuentran en los cromosomas sexuales, En estos casos, la hembra es lo que manifiesta fenotipicamente, y no es portadora. El macho es el \u00fanico que puede ser portador. Son: &hellip; <\/p>\n<p class=\"link-more\"><a href=\"https:\/\/aorac.es\/index.php\/tabla-de-cruzamientos-de-factores-ligados-al-sexo-y-autosomicos-recesivos\/\" class=\"more-link\">Continuar leyendo<span class=\"screen-reader-text\"> \u00abTabla de cruzamientos general\u00bb<\/span><\/a><\/p>\n","protected":false},"author":1,"featured_media":0,"parent":0,"menu_order":0,"comment_status":"closed","ping_status":"closed","template":"","meta":{"footnotes":""},"class_list":["post-168","page","type-page","status-publish","hentry"],"_links":{"self":[{"href":"https:\/\/aorac.es\/index.php\/wp-json\/wp\/v2\/pages\/168","targetHints":{"allow":["GET"]}}],"collection":[{"href":"https:\/\/aorac.es\/index.php\/wp-json\/wp\/v2\/pages"}],"about":[{"href":"https:\/\/aorac.es\/index.php\/wp-json\/wp\/v2\/types\/page"}],"author":[{"embeddable":true,"href":"https:\/\/aorac.es\/index.php\/wp-json\/wp\/v2\/users\/1"}],"replies":[{"embeddable":true,"href":"https:\/\/aorac.es\/index.php\/wp-json\/wp\/v2\/comments?post=168"}],"version-history":[{"count":4,"href":"https:\/\/aorac.es\/index.php\/wp-json\/wp\/v2\/pages\/168\/revisions"}],"predecessor-version":[{"id":191,"href":"https:\/\/aorac.es\/index.php\/wp-json\/wp\/v2\/pages\/168\/revisions\/191"}],"wp:attachment":[{"href":"https:\/\/aorac.es\/index.php\/wp-json\/wp\/v2\/media?parent=168"}],"curies":[{"name":"wp","href":"https:\/\/api.w.org\/{rel}","templated":true}]}}